vided by 102?
7
What is the remainder when 482 is divided by 81?
77
Calculate the remainder when 37 is divided by 35.
2
Calculate the remainder when 190 is divided by 64.
62
Calculate the remainder when 924 is divided by 297.
33
What is the remainder when 224 is divided by 6?
2
What is the remainder when 2163 is divided by 57?
54
Calculate the remainder when 9801 is divided by 172.
169
What is the remainder when 2790 is divided by 58?
6
Calculate the remainder when 163 is divided by 84.
79
Calculate the remainder when 112 is divided by 28.
0
Calculate the remainder when 387 is divided by 39.
36
What is the remainder when 484 is divided by 266?
218
Calculate the remainder when 298 is divided by 37.
2
Calculate the remainder when 6295 is divided by 15.
10
What is the remainder when 139780 is divided by 19?
16
Calculate the remainder when 149 is divided by 22.
17
What is the remainder when 7 is divided by 6?
1
Calculate the remainder when 395 is divided by 44.
43
Calculate the remainder when 353 is divided by 18.
11
Calculate the remainder when 3103 is divided by 27.
25
What is the remainder when 1439 is divided by 131?
129
What is the remainder when 286 is divided by 54?
16
What is the remainder when 230 is divided by 214?
16
Calculate the remainder when 488 is divided by 114.
32
Calculate the remainder when 23 is divided by 14.
9
What is the remainder when 977 is divided by 4?
1
What is the remainder when 385 is divided by 113?
46
Calculate the remainder when 1814 is divided by 52.
46
What is the remainder when 112 is divided by 67?
45
Calculate the remainder when 339 is divided by 54.
15
Calculate the remainder when 432 is divided by 137.
21
What is the remainder when 172 is divided by 53?
13
Calculate the remainder when 468 is divided by 101.
64
Calculate the remainder when 934 is divided by 12.
10
Calculate the remainder when 1034 is divided by 14.
12
Calculate the remainder when 589 is divided by 148.
145
What is the remainder when 1130 is divided by 44?
30
What is the remainder when 290 is divided by 42?
38
Calculate the remainder when 235 is divided by 52.
27
What is the remainder when 1393 is divided by 15?
13
What is the remainder when 70 is divided by 31?
8
Calculate the remainder when 713 is divided by 11.
9
What is the remainder when 138 is divided by 28?
26
What is the remainder when 111 is divided by 29?
24
Calculate the remainder when 219 is divided by 57.
48
What is the remainder when 457 is divided by 11?
6
What is the remainder when 1945 is divided by 11?
9
Calculate the remainder when 12170 is divided by 34.
32
Calculate the remainder when 380 is divided by 175.
30
What is the remainder when 616 is divided by 5?
1
Calculate the remainder when 7297 is divided by 1457.
12
Calculate the remainder when 127 is divided by 16.
15
What is the remainder when 21 is divided by 20?
1
Calculate the remainder when 930 is divided by 133.
132
What is the remainder when 122 is divided by 5?
2
Calculate the remainder when 242 is divided by 51.
38
Calculate the remainder when 1558 is divided by 130.
128
What is the remainder when 145 is divided by 17?
9
Calculate the remainder when 25839 is divided by 152.
151
Calculate the remainder when 173 is divided by 25.
23
What is the remainder when 177 is divided by 37?
29
What is the remainder when 70 is divided by 19?
13
Calculate the remainder when 121 is divided by 79.
42
What is the remainder when 330 is divided by 38?
26
What is the remainder when 526 is divided by 106?
102
Calculate the remainder when 869 is divided by 850.
19
Calculate the remainder when 188 is divided by 86.
16
What is the remainder when 14 is divided by 5?
4
What is the remainder when 1116 is divided by 93?
0
What is the remainder when 9441 is divided by 71?
69
Calculate the remainder when 3361 is divided by 19.
17
Calculate the remainder when 128 is divided by 66.
62
What is the remainder when 21 is divided by 9?
3
What is the remainder when 768 is divided by 248?
24
Calculate the remainder when 1278 is divided by 54.
36
What is the remainder when 162 is divided by 13?
6
What is the remainder when 646 is divided by 6?
4
Calculate the remainder when 118 is divided by 101.
17
Calculate the remainder when 544 is divided by 107.
9
Calculate the remainder when 492 is divided by 62.
58
Calculate the remainder when 1234 is divided by 95.
94
Calculate the remainder when 421 is divided by 64.
37
Calculate the remainder when 796 is divided by 132.
4
What is the remainder when 75 is divided by 44?
31
What is the remainder when 796 is divided by 23?
14
What is the remainder when 3814 is divided by 294?
286
What is the remainder when 78 is divided by 28?
22
Calculate the remainder when 56 is divided by 21.
14
Calculate the remainder when 1241 is divided by 183.
143
What is the remainder when 115 is divided by 7?
3
Calculate the remainder when 413 is divided by 9.
8
Calculate the remainder when 1964 is divided by 14.
4
Calculate the remainder when 1002 is divided by 18.
12
Calculate the remainder when 3569 is divided by 355.
19
What is the remainder when 62 is divided by 6?
2
Calculate the remainder when 422 is divided by 31.
19
What is the remainder when 137 is divided by 23?
22
What is the remainder when 2171 is divided by 536?
27
What is the remainder when 31 is divided by 12?
7
Calculate the remainder when 372 is divided by 179.
14
Calculate the remainder when 60 is divided by 32.
28
What is the remainder when 1217 is divided by 11?
7
Calculate the remainder when 1127 is divided by 142.
133
What is the remainder when 548 is divided by 182?
2
What is the remainder when 10835 is divided by 40?
35
What is the remainder when 269 is divided by 87?
8
Calculate the remainder when 25740 is divided by 211.
209
Calculate the remainder when 29 is divided by 21.
8
Calculate the remainder when 52 is divided by 7.
3
Calculate the remainder when 654 is divided by 166.
156
What is the remainder when 165 is divided by 129?
36
Calculate the remainder when 83 is divided by 12.
11
Calculate the remainder when 424 is divided by 118.
70
What is the remainder when 1048 is divided by 35?
33
What is the remainder when 671 is divided by 45?
41
Calculate the remainder when 3363 is divided by 18.
15
Calculate the remainder when 93 is divided by 37.
19
What is the remainder when 96 is divided by 21?
12
Calculate the remainder when 160 is divided by 22.
6
What is the remainder when 417 is divided by 30?
27
Calculate the remainder when 161 is divided by 19.
9
What is the remainder when 158 is divided by 87?
71
Calculate the remainder when 151 is divided by 42.
25
Calculate the remainder when 234 is divided by 16.
10
What is the remainder when 4937 is divided by 95?
92
What is the remainder when 189 is divided by 73?
43
Calculate the remainder when 410 is divided by 77.
25
What is the remainder when 45815 is divided by 166?
165
What is the remainder when 2020 is divided by 49?
11
Calculate the remainder when 693 is divided by 188.
129
Calculate the remainder when 3946 is divided by 9.
4
What is the remainder when 1726 is divided by 72?
70
Calculate the remainder when 974 is divided by 75.
74
What is the remainder when 107 is divided by 96?
11
What is the remainder when 1022 is divided by 27?
23
What is the remainder when 246 is divided by 31?
29
Calculate the remainder when 96 is divided by 35.
26
Calculate the remainder when 130 is divided by 62.
6
What is the remainder when 4 is divided by 1?
0
Calculate the remainder when 383 is divided by 359.
24
What is the remainder when 1920 is divided by 958?
4
What is the remainder when 26 is divided by 2?
0
Calculate the remainder when 146 is divided by 45.
11
What is the remainder when 74 is divided by 58?
16
Calculate the remainder when 56 is divided by 12.
8
Calculate the remainder when 698 is divided by 27.
23
What is the remainder when 6941 is divided by 45?
11
What is the remainder when 1094 is divided by 81?
41
Calculate the remainder when 2739 is divided by 15.
9
What is the remainder when 3419 is divided by 23?
15
Calculate the remainder when 380 is divided by 74.
10
What is the remainder when 371 is divided by 83?
39
What is the remainder when 22945 is divided by 22?
21
Calculate the remainder when 402 is divi